{"id":386,"date":"2024-03-26T15:15:41","date_gmt":"2024-03-26T14:15:41","guid":{"rendered":"https:\/\/leventdeco.com\/?post_type=product&#038;p=386"},"modified":"2026-03-02T11:28:11","modified_gmt":"2026-03-02T10:28:11","slug":"candy-bar","status":"publish","type":"product","link":"https:\/\/leventdeco.com\/index.php\/produit\/candy-bar\/","title":{"rendered":"Candy bar"},"content":{"rendered":"<p><strong>Une caution de 400 euros vous sera demand\u00e9e au retrait, elle ne sera pas encaiss\u00e9e sauf en cas de non restitution du mat\u00e9riel ou mat\u00e9riel endommag\u00e9.<\/strong><\/p>\n<p><strong>Cette caution s&rsquo;additionnera a d&rsquo;autres si vous prenez plusieurs produits.<\/strong><\/p>\n","protected":false},"excerpt":{"rendered":"<p><a href=\"https:\/\/leventdeco.com\/index.php\/produit\/accessoires-pour-candy-bar\/\">Rajout d&rsquo;accessoires &#8211; 10 euros<\/a><\/p>\n<p><strong>Candy bar en bois<\/strong> fait <strong>enti\u00e8rement \u00e0 la main<\/strong> par un <strong>menuisier<\/strong> con\u00e7u pour \u00eatre <strong>pratique et pliable<\/strong> pour faciliter vos <strong>\u00e9v\u00e9nements<\/strong>.<\/p>\n<p>Il sera parfait pour donner une touche <strong>d&rsquo;originalit\u00e9<\/strong> pour tout <strong>mariage<\/strong>, <strong>anniversaire<\/strong>, <strong>baby shower<\/strong> ou autres occasion sp\u00e9ciale.<\/p>\n<p>Il offre suffisamment <strong>d&rsquo;espace<\/strong> pour pr\u00e9senter une vari\u00e9t\u00e9 de d\u00e9lices sucr\u00e9s, bonbons ou bien les cadeaux de vos invit\u00e9s.<\/p>\n<p>Il peut \u00eatre <strong>louer seul<\/strong> ou bien avec ces <a href=\"https:\/\/leventdeco.com\/index.php\/produit\/accessoires-pour-candy-bar\/\">accessoires<\/a>.<\/p>\n<p><strong>Mat\u00e9riau<\/strong> : Bois<\/p>\n<p><strong>Couleur<\/strong> : blanc<\/p>\n<p><strong>Dimensions: <\/strong><\/p>\n<p><strong>Hauteur<\/strong> : 174cm<\/p>\n<p><strong>Longueur<\/strong> : 133cm<\/p>\n<p><strong>Profondeur<\/strong> : 64cm<\/p>\n","protected":false},"featured_media":823,"comment_status":"open","ping_status":"closed","template":"","meta":[],"product_brand":[],"product_cat":[98,15],"product_tag":[],"mwb_booking_cost":[],"mwb_booking_service":[],"class_list":{"0":"post-386","1":"product","2":"type-product","3":"status-publish","4":"has-post-thumbnail","6":"product_cat-booking","7":"product_cat-mobilier","9":"first","10":"outofstock","11":"virtual","12":"purchasable","13":"product-type-mwb_booking"},"aioseo_notices":[],"_links":{"self":[{"href":"https:\/\/leventdeco.com\/index.php\/wp-json\/wp\/v2\/product\/386","targetHints":{"allow":["GET"]}}],"collection":[{"href":"https:\/\/leventdeco.com\/index.php\/wp-json\/wp\/v2\/product"}],"about":[{"href":"https:\/\/leventdeco.com\/index.php\/wp-json\/wp\/v2\/types\/product"}],"replies":[{"embeddable":true,"href":"https:\/\/leventdeco.com\/index.php\/wp-json\/wp\/v2\/comments?post=386"}],"wp:featuredmedia":[{"embeddable":true,"href":"https:\/\/leventdeco.com\/index.php\/wp-json\/wp\/v2\/media\/823"}],"wp:attachment":[{"href":"https:\/\/leventdeco.com\/index.php\/wp-json\/wp\/v2\/media?parent=386"}],"wp:term":[{"taxonomy":"product_brand","embeddable":true,"href":"https:\/\/leventdeco.com\/index.php\/wp-json\/wp\/v2\/product_brand?post=386"},{"taxonomy":"product_cat","embeddable":true,"href":"https:\/\/leventdeco.com\/index.php\/wp-json\/wp\/v2\/product_cat?post=386"},{"taxonomy":"product_tag","embeddable":true,"href":"https:\/\/leventdeco.com\/index.php\/wp-json\/wp\/v2\/product_tag?post=386"},{"taxonomy":"mwb_booking_cost","embeddable":true,"href":"https:\/\/leventdeco.com\/index.php\/wp-json\/wp\/v2\/mwb_booking_cost?post=386"},{"taxonomy":"mwb_booking_service","embeddable":true,"href":"https:\/\/leventdeco.com\/index.php\/wp-json\/wp\/v2\/mwb_booking_service?post=386"}],"curies":[{"name":"wp","href":"https:\/\/api.w.org\/{rel}","templated":true}]}}

<p><strong>Une caution de 400 euros vous sera demandée au retrait, elle ne sera pas encaissée sauf en cas de non restitution du matériel ou matériel endommagé.</strong></p>
<p><strong>Cette caution s&rsquo;additionnera a d&rsquo;autres si vous prenez plusieurs produits.</strong></p>

<p><a href="https://leventdeco.com/index.php/produit/accessoires-pour-candy-bar/">Rajout d&rsquo;accessoires &#8211; 10 euros</a></p>
<p><strong>Candy bar en bois</strong> fait <strong>entièrement à la main</strong> par un <strong>menuisier</strong> conçu pour être <strong>pratique et pliable</strong> pour faciliter vos <strong>événements</strong>.</p>
<p>Il sera parfait pour donner une touche <strong>d&rsquo;originalité</strong> pour tout <strong>mariage</strong>, <strong>anniversaire</strong>, <strong>baby shower</strong> ou autres occasion spéciale.</p>
<p>Il offre suffisamment <strong>d&rsquo;espace</strong> pour présenter une variété de délices sucrés, bonbons ou bien les cadeaux de vos invités.</p>
<p>Il peut être <strong>louer seul</strong> ou bien avec ces <a href="https://leventdeco.com/index.php/produit/accessoires-pour-candy-bar/">accessoires</a>.</p>
<p><strong>Matériau</strong> : Bois</p>
<p><strong>Couleur</strong> : blanc</p>
<p><strong>Dimensions: </strong></p>
<p><strong>Hauteur</strong> : 174cm</p>
<p><strong>Longueur</strong> : 133cm</p>
<p><strong>Profondeur</strong> : 64cm</p>
