{"id":299,"date":"2024-03-25T19:12:31","date_gmt":"2024-03-25T18:12:31","guid":{"rendered":"https:\/\/leventdeco.com\/?post_type=product&#038;p=299"},"modified":"2025-10-01T21:09:30","modified_gmt":"2025-10-01T19:09:30","slug":"caisse-en-bois","status":"publish","type":"product","link":"https:\/\/leventdeco.com\/index.php\/produit\/caisse-en-bois\/","title":{"rendered":"Caisse en bois 40x30x25 cm"},"content":{"rendered":"<ol>\n<li><strong>Une caution de 10 euros vous sera demand\u00e9e au retrait, elle ne sera pas encaiss\u00e9e sauf en cas de non restitution du mat\u00e9riel ou mat\u00e9riel endommag\u00e9.<\/strong><\/li>\n<\/ol>\n<p><strong>Cette caution s\u2019additionnera a d\u2019autres si vous prenez plusieurs produits.<\/strong><\/p>\n","protected":false},"excerpt":{"rendered":"<p><strong>Caisse en bois flamm\u00e9<\/strong> donnera un c\u00f4t\u00e9 <strong>vintage<\/strong> a votre <strong>d\u00e9coration<\/strong>. Elles peuvent servir comme <strong>d\u00e9coration<\/strong> d&rsquo;entr\u00e9e, plan de table, y d\u00e9poser une fen\u00eatre avec le menu, pour y mettre des photos ou m\u00eame comme \u00e9tag\u00e8res pour les cadeaux invit\u00e9s&#8230;<\/p>\n<p>Enfin vous l&rsquo;aurez compris elles sont un \u00e9l\u00e9ment de <strong>d\u00e9corations<\/strong> tr\u00e8s appr\u00e9ci\u00e9es.<\/p>\n<p><strong>Mat\u00e9riau :<\/strong> Bois<\/p>\n","protected":false},"featured_media":790,"comment_status":"open","ping_status":"closed","template":"","meta":[],"product_brand":[],"product_cat":[98,15],"product_tag":[],"mwb_booking_cost":[],"mwb_booking_service":[],"class_list":{"0":"post-299","1":"product","2":"type-product","3":"status-publish","4":"has-post-thumbnail","6":"product_cat-booking","7":"product_cat-mobilier","9":"first","10":"instock","11":"virtual","12":"purchasable","13":"product-type-mwb_booking"},"aioseo_notices":[],"_links":{"self":[{"href":"https:\/\/leventdeco.com\/index.php\/wp-json\/wp\/v2\/product\/299","targetHints":{"allow":["GET"]}}],"collection":[{"href":"https:\/\/leventdeco.com\/index.php\/wp-json\/wp\/v2\/product"}],"about":[{"href":"https:\/\/leventdeco.com\/index.php\/wp-json\/wp\/v2\/types\/product"}],"replies":[{"embeddable":true,"href":"https:\/\/leventdeco.com\/index.php\/wp-json\/wp\/v2\/comments?post=299"}],"wp:featuredmedia":[{"embeddable":true,"href":"https:\/\/leventdeco.com\/index.php\/wp-json\/wp\/v2\/media\/790"}],"wp:attachment":[{"href":"https:\/\/leventdeco.com\/index.php\/wp-json\/wp\/v2\/media?parent=299"}],"wp:term":[{"taxonomy":"product_brand","embeddable":true,"href":"https:\/\/leventdeco.com\/index.php\/wp-json\/wp\/v2\/product_brand?post=299"},{"taxonomy":"product_cat","embeddable":true,"href":"https:\/\/leventdeco.com\/index.php\/wp-json\/wp\/v2\/product_cat?post=299"},{"taxonomy":"product_tag","embeddable":true,"href":"https:\/\/leventdeco.com\/index.php\/wp-json\/wp\/v2\/product_tag?post=299"},{"taxonomy":"mwb_booking_cost","embeddable":true,"href":"https:\/\/leventdeco.com\/index.php\/wp-json\/wp\/v2\/mwb_booking_cost?post=299"},{"taxonomy":"mwb_booking_service","embeddable":true,"href":"https:\/\/leventdeco.com\/index.php\/wp-json\/wp\/v2\/mwb_booking_service?post=299"}],"curies":[{"name":"wp","href":"https:\/\/api.w.org\/{rel}","templated":true}]}}