{"id":178,"date":"2024-03-15T15:57:01","date_gmt":"2024-03-15T14:57:01","guid":{"rendered":"https:\/\/leventdeco.com\/?post_type=product&#038;p=178"},"modified":"2025-12-29T20:05:02","modified_gmt":"2025-12-29T19:05:02","slug":"chaise-emmanuelle","status":"publish","type":"product","link":"https:\/\/leventdeco.com\/index.php\/produit\/chaise-emmanuelle\/","title":{"rendered":"Chaise Emmanuelle"},"content":{"rendered":"<p><strong>Une caution de 500 euros vous sera demand\u00e9e au retrait, elle ne sera pas encaiss\u00e9e sauf en cas de non restitution du mat\u00e9riel ou mat\u00e9riel endommag\u00e9.<\/strong><\/p>\n<p><strong>Cette caution s&rsquo;additionnera a d&rsquo;autres si vous prenez plusieurs produits.<\/strong><\/p>\n","protected":false},"excerpt":{"rendered":"<p>Nos <strong>chaises Emmanuelle<\/strong> maisons du monde sont faite en <strong>Rotin tress\u00e9 a la main<\/strong>, ce magnifique fauteuil sublimera votre <strong>c\u00e9r\u00e9monie<\/strong> la\u00efque ou votre coin des mari\u00e9s et deviendra vite l&rsquo;\u00e9l\u00e9ment phare de votre d\u00e9coration pour un <strong>style chic\/ boh\u00e8me<\/strong>.<\/p>\n<p><strong>Mati\u00e8re principale<\/strong> : rotin et polyur\u00e9thane<\/p>\n<p><strong>Mati\u00e8re secondaire<\/strong> : polyester<\/p>\n<p><strong>Dimensions: profondeur<\/strong> : 77 cm<\/p>\n<p><strong>Hauteur<\/strong> : 145 cm<\/p>\n<p><strong>Poids<\/strong> : 9kg<\/p>\n<p><strong>Longueur<\/strong> : 100cm<\/p>\n","protected":false},"featured_media":905,"comment_status":"open","ping_status":"closed","template":"","meta":[],"product_brand":[],"product_cat":[98,15],"product_tag":[],"mwb_booking_cost":[],"mwb_booking_service":[],"class_list":{"0":"post-178","1":"product","2":"type-product","3":"status-publish","4":"has-post-thumbnail","6":"product_cat-booking","7":"product_cat-mobilier","9":"first","10":"instock","11":"virtual","12":"purchasable","13":"product-type-mwb_booking"},"aioseo_notices":[],"_links":{"self":[{"href":"https:\/\/leventdeco.com\/index.php\/wp-json\/wp\/v2\/product\/178","targetHints":{"allow":["GET"]}}],"collection":[{"href":"https:\/\/leventdeco.com\/index.php\/wp-json\/wp\/v2\/product"}],"about":[{"href":"https:\/\/leventdeco.com\/index.php\/wp-json\/wp\/v2\/types\/product"}],"replies":[{"embeddable":true,"href":"https:\/\/leventdeco.com\/index.php\/wp-json\/wp\/v2\/comments?post=178"}],"wp:featuredmedia":[{"embeddable":true,"href":"https:\/\/leventdeco.com\/index.php\/wp-json\/wp\/v2\/media\/905"}],"wp:attachment":[{"href":"https:\/\/leventdeco.com\/index.php\/wp-json\/wp\/v2\/media?parent=178"}],"wp:term":[{"taxonomy":"product_brand","embeddable":true,"href":"https:\/\/leventdeco.com\/index.php\/wp-json\/wp\/v2\/product_brand?post=178"},{"taxonomy":"product_cat","embeddable":true,"href":"https:\/\/leventdeco.com\/index.php\/wp-json\/wp\/v2\/product_cat?post=178"},{"taxonomy":"product_tag","embeddable":true,"href":"https:\/\/leventdeco.com\/index.php\/wp-json\/wp\/v2\/product_tag?post=178"},{"taxonomy":"mwb_booking_cost","embeddable":true,"href":"https:\/\/leventdeco.com\/index.php\/wp-json\/wp\/v2\/mwb_booking_cost?post=178"},{"taxonomy":"mwb_booking_service","embeddable":true,"href":"https:\/\/leventdeco.com\/index.php\/wp-json\/wp\/v2\/mwb_booking_service?post=178"}],"curies":[{"name":"wp","href":"https:\/\/api.w.org\/{rel}","templated":true}]}}